) = 7*h**2 - 111*h + 26. Let y be m(0). Suppose 0 = 5*g - 4*d + 2*d - 126, 0 = -3*g - 5*d + 88. What is the greatest common factor of y and g?
26
Suppose -4*c + 108 = -c. Let z(j) = j**3 - 9*j**2 + 17*j - 55. Let t be z(7). Let q = c + t. What is the greatest common divisor of q and 2?
2
Suppose -642*v = -454*v - 8330280. Calculate the highest common factor of 210 and v.
210
Let m = -44 - -80. Let j(n) = 4*n**3 + 5 - 4*n**2 - n**3 - 3 + 9*n**3 + 4*n. Let o be j(2). What is the highest common factor of m and o?
18
Suppose 28*w + 231 = 49*w. Calculate the greatest common factor of w and 2002.
11
Suppose -122*k - 138*k = -276*k + 147424. Calculate the highest common divisor of 68 and k.
34
Let r(k) = -54*k + 45. Suppose 22*h = 36*h + 56. Let u be r(h). Calculate the greatest common divisor of 58 and u.
29
Let z(m) = -64*m + 3. Suppose 0 = 3*k - 7*k + 79*k. Let v be z(k). What is the greatest common divisor of 4 and v?
1
Suppose -119*m = -120*m - 5. Let v be (-116)/m + 9/(-45). Suppose 5*y - 96 - 19 = 0. Calculate the highest common divisor of y and v.
23
Let d = -4286 + 4506. Calculate the highest common factor of 1375 and d.
55
Suppose 5*p + 0*p + g - 2728 = 0, 3*g + 6 = 0. Suppose p - 66 = 30*z. Suppose -3*d + 5*d = 48. What is the highest common factor of z and d?
8
Let b be 2/(-6) - (-1734)/18. Let i be (b/(-60))/((-12)/45). Calculate the highest common divisor of i and 22.
2
Let g(u) = -u**3 - 21*u**2 + 47*u + 25. Let j be g(-23). Let v(z) = 3*z**3 - z**2 + 2*z + 6. Let f be v(j). Calculate the greatest common divisor of 18 and f.
6
Let m be (4/(-12))/(2/(-132)). Let h be (-4 - -1) + 2 + 144. Calculate the greatest common divisor of h and m.
11
Let x(m) = 13*m**2 + 67*m - 129. Let t be x(2). Calculate the greatest common factor of 10317 and t.
57
Let x(l) = -l**3 + 7*l**2 - 339*l + 2420. Let a be x(7). What is the highest common factor of 47 and a?
47
Suppose -9*q - m = -14*q + 62, 5*q - 38 = 4*m. Suppose 4*o = 35 + 77. What is the highest common divisor of o and q?
14
Let z(p) = 34*p + 369. Let a be z(2). Calculate the highest common divisor of 551 and a.
19
Let g(t) = t**2 + 17*t + 90. Let b be (-9)/21 - 0 - 1184/112. Let m be g(b). What is the highest common factor of 15 and m?
3
Suppose -3*t = -5*t - t. Suppose t = -20*l + 7*l + 26. What is the highest common divisor of 16 and l?
2
Let w = 87 - 60. Suppose -w = -4*s + s. Suppose 0 = -5*h - 4*p + 233, -2*h - 7*p = -3*p - 98. What is the greatest common divisor of s and h?
9
Let j be (-222)/(-42) + (-2)/7. Suppose 529 + 111 = j*m. Calculate the greatest common divisor of m and 96.
32
Suppose -4*w + 47 = -3*j, 0*w = -w + 2*j + 8. Let k = w - 12. Suppose 0*p - 4*g = -k*p + 50, 5*g - 60 = -p. Calculate the greatest common factor of 315 and p.
35
Let r(b) = 2*b**3 + b**2 + 1. Let o be r(1). Suppose 2 = o*n - g, n + 2 = -4*n - g. Suppose 0*p + 3*p - 33 = n. What is the highest common divisor of 77 and p?
11
Suppose -9*c - 98 = -16*c. Let f = -4 - c. Let d be (-48)/f*(-36)/(-8). Calculate the greatest common factor of d and 108.
12
Suppose -20 = 4*x, -o = 4*o + 3*x - 95. Suppose 0 = 4*y + o - 122. Let r = y - -3. What is the highest common factor of r and 4?
4
Let k = 12635 + -12560. Let w(m) = m**3 + 10*m**2 + 5*m + 6. Let t be w(-6). Calculate the greatest common factor of k and t.
15
Suppose 4*b = 811 - 791. Calculate the highest common divisor of 785 and b.
5
Suppose -8*y + 39 = -1. Suppose 0 = -y*g + 2*r - r + 20, 2*r = 4*g - 16. Calculate the greatest common factor of g and 36.
4
Suppose -56862 = -10*s - 152*s. Calculate the highest common factor of s and 90.
9
Let n = 1473 + -980. Let c = -429 + n. Calculate the highest common divisor of 8 and c.
8
Let i(w) = -w**3 + w - 2. Let f(q) = 2*q**3 - 52*q**2 + 46*q + 14. Let r(s) = f(s) + 3*i(s). Let j be r(-53). What is the greatest common divisor of j and 10?
10
Suppose -6*q + 15065 = w, -4*q - q - 2*w + 12553 = 0. What is the greatest common divisor of 31 and q?
31
Let l(j) = 3*j**3 - j**2. Let x be l(1). Let r be (-279)/(-2) + x/4. Let v be ((-896)/160)/(0 + (-8)/20). What is the highest common factor of r and v?
14
Let i be 1821 - (14 - 18)*-2. Calculate the greatest common divisor of i and 98.
49
Let g(x) = 9*x**2 - x - 12. Let s be g(5). Let y = 405 - s. Suppose -y = 10*v - 717. What is the greatest common factor of 26 and v?
26
Suppose 262*h - 2124 = 134*h + 124*h. What is the highest common factor of h and 36?
9
Let d = -605 - -642. Suppose -40*l + d*l = -123. What is the greatest common divisor of l and 1107?
41
Let h be 0/(((-1)/4)/((-9)/36)). Suppose h = 22*d - 15*d - 217. What is the highest common factor of 155 and d?
31
Suppose 94*g - 486 = 67*g. Suppose -440*b - g = -442*b. Calculate the highest common divisor of b and 27.
9
Let b = -2158 + 5039. Calculate the greatest common divisor of b and 134.
67
Let x = 17571 - 7751. What is the highest common divisor of 20 and x?
20
Let g be 2/(-2) - 4/(-4)*4. Suppose -3*k = -c - 17, -3*c - 10 = -g*k + 5. Let s = 65 + -63. What is the greatest common factor of k and s?
2
Let z(j) = 4*j**2 + 140 + j - 3*j**2 - 135. Let y be z(13). Let m = 83 + y. What is the highest common factor of 30 and m?
30
Let g(x) = -x + 1. Let y(h) = -6*h - 18. Let u(r) = 5*g(r) + y(r). Let q be u(-7). Suppose -2*v = 12*v - 112. Calculate the highest common divisor of v and q.
8
Let a be ((-12)/(-11))/(232/2552). What is the highest common divisor of 3012 and a?
12
Suppose 0 = -4*k - 6*w + 770, -622*k = -625*k + 5*w + 549. What is the highest common divisor of 24064 and k?
188
Let g be (-10)/4*28/(-2). Let z(i) = -i**2 - 30*i - 74. Let l be z(-3). Calculate the greatest common factor of g and l.
7
Let l be (-120)/210 + 1 + 1086/14. Let w = 47 + -21. Let a = l + w. What is the greatest common divisor of a and 13?
13
Let m = -179 + 251. Let c(v) = -93*v + 750. Let g be c(8). Suppose -g*s + m = 2*s. What is the highest common factor of s and 3?
3
Let j be (0 - 3/6)*-2. Let t(q) be the second derivative of 7*q**3/2 + q**2/2 - 11*q. Let b be t(j). What is the highest common divisor of 22 and b?
22
Let x = -373 - -398. Let k be x/(-15) - 1527/(-9). Let f = 41 + 1. Calculate the highest common divisor of k and f.
42
Let z(k) = -56 - 7*k**2 + 18*k + 11*k + 27*k**2 - 3*k**2 - 18*k**2. Let u be z(17). What is the highest common divisor of 8 and u?
4
Suppose -158*n + 77*n + 63*n + 112086 = 0. Calculate the greatest common factor of 39 and n.
13
Suppose -54 = -11*b + 8*b. Let i be 20/30*b/4 + 6. Let f(t) = 15*t - 3. Let s be f(5). Calculate the highest common divisor of i and s.
9
Let v(z) = z**2 + z - 498. Let n be v(-23). Let g(x) = -x - 3*x + 12 + 3*x. Let y be g(n). What is the greatest common divisor of 14 and y?
2
Suppose m + 224 = 5*k - 781, -3*k + 603 = -m. Suppose 28*a = 5*i + 24*a - 331, 3*i - 3*a = k. Calculate the greatest common factor of i and 72.
9
Suppose 6*m - 4333 - 3257 = 0. What is the greatest common factor of m and 805?
115
Suppose 2*l - 17 = -13. Suppose -2*u = -4*o + 194, 4*o + u = l*u + 197. Let t be ((-2)/(-3))/((-3)/(-45)). What is the greatest common divisor of o and t?
10
Let b(a) be the second derivative of a**4/6 - 37*a**3/6 - 3*a**2 + 82*a. Let f be b(26). What is the greatest common divisor of f and 12?
12
Suppose -6*d - 2781 = 3*d. Let h = -255 - d. What is the highest common divisor of h and 99?
9
Suppose -4*v = 1 - 9. Suppose -2*i + 3 = d, i + 5 = v*d + 4*i. Let t = -270 - -275. Calculate the highest common factor of d and t.
1
Let o be 27471 - (-4)/((14 - 15)/(2 - 1)). What is the greatest common factor of 227 and o?
227
Suppose -75*t = -73*t - 336. Suppose 6*i + i = t. What is the highest common divisor of i and 48?
24
Let s be (126/(-105))/((-6)/20). Suppose -s*d + 71 = -25. Suppose 5*u = -5*r + 215, 3*r - 4*u - 21 = 143. Calculate the highest common divisor of d and r.
24
Let u be 6525/24 - -4*11/352. Calculate the greatest common divisor of u and 944.
16
Let x be (-2)/3 - (-480)/18. Suppose -k + x = k. Suppose -k = -g + 12. What is the greatest common divisor of g and 225?
25
Let f = 339 - 204. Suppose 5*o - 14*o = -f. What is the highest common divisor of o and 50?
5
Let z = -5587 + 5755. Calculate the highest common divisor of 987 and z.
21
Let o = 109 - 98. Suppose 13998 + 4867 = 